{"id":1103,"date":"2017-11-26T20:14:48","date_gmt":"2017-11-26T20:14:48","guid":{"rendered":"http:\/\/trilhasdacarreira.com.br\/trilhas\/?page_id=1103"},"modified":"2017-12-06T16:17:44","modified_gmt":"2017-12-06T16:17:44","slug":"faq","status":"publish","type":"page","link":"http:\/\/trilhasdacarreira.com.br\/trilhas\/faq\/","title":{"rendered":"FAQ"},"content":{"rendered":"<p>Parab\u00e9ns! Se voc\u00ea est\u00e1 lendo este FAQ \u00e9 porque demonstrou interesse em sua Carreira e pretende parar para pensar, repensar, escrever, planejar, executar e avaliar seus pr\u00f3ximos passos profissionais. Veja aqui as perguntas mais frequentes e suas respectivas respostas, de forma bem transparente, sem golpes ou promessas enganosas:<\/p>\n","protected":false},"excerpt":{"rendered":"<p>Parab\u00e9ns! Se voc\u00ea est\u00e1 lendo este FAQ \u00e9 porque demonstrou interesse em sua Carreira e pretende parar para pensar, repensar, escrever, planejar, executar e avaliar seus pr\u00f3ximos passos profissionais. Veja aqui as perguntas mais frequentes e suas respectivas respostas, de forma bem transparente, sem golpes ou promessas enganosas:<\/p>\n","protected":false},"author":1,"featured_media":0,"parent":0,"menu_order":0,"comment_status":"closed","ping_status":"closed","template":"","meta":{"_acf_changed":false,"footnotes":""},"class_list":["post-1103","page","type-page","status-publish","hentry"],"acf":[],"_links":{"self":[{"href":"http:\/\/trilhasdacarreira.com.br\/trilhas\/wp-json\/wp\/v2\/pages\/1103","targetHints":{"allow":["GET"]}}],"collection":[{"href":"http:\/\/trilhasdacarreira.com.br\/trilhas\/wp-json\/wp\/v2\/pages"}],"about":[{"href":"http:\/\/trilhasdacarreira.com.br\/trilhas\/wp-json\/wp\/v2\/types\/page"}],"author":[{"embeddable":true,"href":"http:\/\/trilhasdacarreira.com.br\/trilhas\/wp-json\/wp\/v2\/users\/1"}],"replies":[{"embeddable":true,"href":"http:\/\/trilhasdacarreira.com.br\/trilhas\/wp-json\/wp\/v2\/comments?post=1103"}],"version-history":[{"count":5,"href":"http:\/\/trilhasdacarreira.com.br\/trilhas\/wp-json\/wp\/v2\/pages\/1103\/revisions"}],"predecessor-version":[{"id":1155,"href":"http:\/\/trilhasdacarreira.com.br\/trilhas\/wp-json\/wp\/v2\/pages\/1103\/revisions\/1155"}],"wp:attachment":[{"href":"http:\/\/trilhasdacarreira.com.br\/trilhas\/wp-json\/wp\/v2\/media?parent=1103"}],"curies":[{"name":"wp","href":"https:\/\/api.w.org\/{rel}","templated":true}]}}